{"id":6,"date":"2025-07-04T14:03:30","date_gmt":"2025-07-04T12:03:30","guid":{"rendered":"https:\/\/maximini.se\/?page_id=6"},"modified":"2025-10-31T14:40:46","modified_gmt":"2025-10-31T13:40:46","slug":"maximini","status":"publish","type":"page","link":"https:\/\/maximini.se\/","title":{"rendered":"Maximini"},"content":{"rendered":"\n<div class=\"wp-block-cover alignfull is-light\" style=\"min-height:100vh;aspect-ratio:unset;\"><video class=\"wp-block-cover__video-background intrinsic-ignore\" autoplay muted loop playsinline src=\"https:\/\/maximini.se\/app\/uploads\/2025\/07\/driving_loop.mov\" data-object-fit=\"cover\"><\/video><span aria-hidden=\"true\" class=\"wp-block-cover__background has-background-dim\" style=\"background-color:#FFF\"><\/span><div class=\"wp-block-cover__inner-container has-global-padding is-layout-constrained wp-block-cover-is-layout-constrained\">\n<div class=\"wp-block-group has-global-padding is-layout-constrained wp-block-group-is-layout-constrained\">\n<div class=\"wp-block-group has-global-padding is-layout-constrained wp-container-core-group-is-layout-bea02a06 wp-block-group-is-layout-constrained\">\n<figure class=\"wp-block-image aligncenter size-large is-resized\"><img loading=\"lazy\" decoding=\"async\" width=\"491\" height=\"86\" src=\"https:\/\/maximini.se\/app\/uploads\/2025\/07\/maximini_logo_green.svg\" alt=\"\" class=\"wp-image-13\" style=\"width:651px;height:auto\"\/><\/figure>\n\n\n\n<div class=\"wp-block-group is-layout-grid wp-container-core-group-is-layout-979a7c55 wp-block-group-is-layout-grid\">\n<figure class=\"wp-block-image size-large has-custom-border is-style-rounded\" style=\"margin-top:var(--wp--preset--spacing--40);margin-right:var(--wp--preset--spacing--40);margin-bottom:var(--wp--preset--spacing--40);margin-left:var(--wp--preset--spacing--40)\"><img loading=\"lazy\" decoding=\"async\" width=\"1024\" height=\"683\" src=\"https:\/\/maximini.se\/app\/uploads\/2025\/07\/maximini_ljusgron-1024x683.jpg\" alt=\"\" class=\"has-border-color has-primary-border-color wp-image-16\" style=\"border-width:2px;aspect-ratio:1;object-fit:cover\" srcset=\"https:\/\/maximini.se\/app\/uploads\/2025\/07\/maximini_ljusgron-1024x683.jpg 1024w, https:\/\/maximini.se\/app\/uploads\/2025\/07\/maximini_ljusgron-300x200.jpg 300w, https:\/\/maximini.se\/app\/uploads\/2025\/07\/maximini_ljusgron-768x512.jpg 768w, https:\/\/maximini.se\/app\/uploads\/2025\/07\/maximini_ljusgron-1536x1024.jpg 1536w, https:\/\/maximini.se\/app\/uploads\/2025\/07\/maximini_ljusgron.jpg 1920w\" sizes=\"auto, (max-width: 1024px) 100vw, 1024px\" \/><\/figure>\n\n\n\n<figure class=\"wp-block-image size-large has-custom-border is-style-rounded\" style=\"margin-top:var(--wp--preset--spacing--40);margin-right:var(--wp--preset--spacing--40);margin-bottom:var(--wp--preset--spacing--40);margin-left:var(--wp--preset--spacing--40)\"><img loading=\"lazy\" decoding=\"async\" width=\"1024\" height=\"683\" src=\"https:\/\/maximini.se\/app\/uploads\/2025\/07\/IMG_4297-1024x683.jpg\" alt=\"\" class=\"has-border-color has-primary-border-color wp-image-17\" style=\"border-width:2px;aspect-ratio:1;object-fit:cover\" srcset=\"https:\/\/maximini.se\/app\/uploads\/2025\/07\/IMG_4297-1024x683.jpg 1024w, https:\/\/maximini.se\/app\/uploads\/2025\/07\/IMG_4297-300x200.jpg 300w, https:\/\/maximini.se\/app\/uploads\/2025\/07\/IMG_4297-768x512.jpg 768w, https:\/\/maximini.se\/app\/uploads\/2025\/07\/IMG_4297-1536x1024.jpg 1536w, https:\/\/maximini.se\/app\/uploads\/2025\/07\/IMG_4297-2048x1365.jpg 2048w\" sizes=\"auto, (max-width: 1024px) 100vw, 1024px\" \/><\/figure>\n\n\n\n<figure class=\"wp-block-image size-large has-custom-border is-style-rounded\" style=\"margin-top:var(--wp--preset--spacing--40);margin-right:var(--wp--preset--spacing--40);margin-bottom:var(--wp--preset--spacing--40);margin-left:var(--wp--preset--spacing--40)\"><img loading=\"lazy\" decoding=\"async\" width=\"768\" height=\"1024\" src=\"https:\/\/maximini.se\/app\/uploads\/2025\/07\/maximini_blue-768x1024.jpg\" alt=\"\" class=\"has-border-color has-primary-border-color wp-image-18\" style=\"border-width:2px;aspect-ratio:1;object-fit:cover\" srcset=\"https:\/\/maximini.se\/app\/uploads\/2025\/07\/maximini_blue-768x1024.jpg 768w, https:\/\/maximini.se\/app\/uploads\/2025\/07\/maximini_blue-225x300.jpg 225w, https:\/\/maximini.se\/app\/uploads\/2025\/07\/maximini_blue-1152x1536.jpg 1152w, https:\/\/maximini.se\/app\/uploads\/2025\/07\/maximini_blue-1536x2048.jpg 1536w, https:\/\/maximini.se\/app\/uploads\/2025\/07\/maximini_blue.jpg 1920w\" sizes=\"auto, (max-width: 768px) 100vw, 768px\" \/><\/figure>\n<\/div>\n<\/div>\n\n\n\n<div class=\"wp-block-group has-white-color has-text-color has-background has-link-color wp-elements-de226593d1384c5af2439950983e63ef has-global-padding is-layout-constrained wp-container-core-group-is-layout-31d9c169 wp-block-group-is-layout-constrained\" style=\"background-color:#30520fd9;padding-top:var(--wp--preset--spacing--60);padding-right:var(--wp--preset--spacing--60);padding-bottom:var(--wp--preset--spacing--60);padding-left:var(--wp--preset--spacing--60)\">\n<h1 class=\"wp-block-heading has-text-align-center has-extra-large-font-size\">Liten och smidig med gott om plats!<\/h1>\n\n\n\n<p class=\"has-text-align-center is-style-default has-large-font-size\"><strong>Maximini<\/strong> \u00e4r h\u00e4r och har b\u00f6rjat rulla p\u00e5 v\u00e5ra v\u00e4gar!<br>&nbsp;En smart elmopedbil som rymmer s\u00e5 mycket.&nbsp;<\/p>\n\n\n\n<hr class=\"wp-block-separator has-text-color has-white-color has-alpha-channel-opacity has-white-background-color has-background\" style=\"margin-top:var(--wp--preset--spacing--50);margin-bottom:var(--wp--preset--spacing--50)\"\/>\n\n\n\n<p class=\"has-text-align-center has-normal-font-size\">Maximini finns i sex olika f\u00e4rger och med tv\u00e5 olika elmotorer i klass 1 och 2,<br><strong>k\u00f6rkortsfria<\/strong> 25 km\/h resp 45 km\/h.<\/p>\n\n\n\n<p class=\"has-text-align-center has-normal-font-size\">Med gott om plats, fr\u00e4sch interi\u00f6r, billig i drift och sin smidighet ser vi en given plats f\u00f6r den i stadsmilj\u00f6n<\/p>\n\n\n\n<p class=\"has-text-align-center has-large-font-size\"><strong>Vad tror du? Kom och testa!<\/strong><\/p>\n\n\n\n<hr class=\"wp-block-separator has-text-color has-white-color has-alpha-channel-opacity has-white-background-color has-background\" style=\"margin-top:var(--wp--preset--spacing--50);margin-bottom:var(--wp--preset--spacing--50)\"\/>\n\n\n\n<div class=\"wp-block-group is-content-justification-center is-nowrap is-layout-flex wp-container-core-group-is-layout-2707bb81 wp-block-group-is-layout-flex\" style=\"margin-top:var(--wp--preset--spacing--50);margin-bottom:0\">\n<div class=\"wp-block-group is-style-ball has-white-color has-primary-background-color has-text-color has-background has-link-color wp-elements-2b20d404cc4075d2ed055a1bf820d277 has-global-padding is-layout-constrained wp-container-core-group-is-layout-19e250f3 wp-block-group-is-layout-constrained\">\n<h2 class=\"wp-block-heading has-text-align-center has-large-font-size\">25\/45<\/h2>\n\n\n\n<p class=\"has-text-align-center has-small-font-size\">km\/tim<\/p>\n<\/div>\n\n\n\n<div class=\"wp-block-group is-style-ball has-white-color has-primary-background-color has-text-color has-background has-link-color wp-elements-8d2cf3df5f3008e6a867550f4d7a7656 has-global-padding is-layout-constrained wp-container-core-group-is-layout-19e250f3 wp-block-group-is-layout-constrained\">\n<h2 class=\"wp-block-heading has-text-align-center has-large-font-size\" style=\"text-transform:uppercase\">Milj\u00f6<\/h2>\n\n\n\n<p class=\"has-text-align-center has-small-font-size\">100% el<\/p>\n<\/div>\n\n\n\n<div class=\"wp-block-group is-style-ball has-white-color has-primary-background-color has-text-color has-background has-link-color wp-elements-97d269fca22eddfd3d848ee1640b1df3 has-global-padding is-layout-constrained wp-container-core-group-is-layout-19e250f3 wp-block-group-is-layout-constrained\">\n<h2 class=\"wp-block-heading has-text-align-center has-large-font-size\" style=\"text-transform:uppercase\">Spara<\/h2>\n\n\n\n<p class=\"has-text-align-center has-small-font-size\">Billig i drift<\/p>\n<\/div>\n\n\n\n<div class=\"wp-block-group is-style-ball has-white-color has-primary-background-color has-text-color has-background has-link-color wp-elements-f826db9b2ee623480e1e66bf3f78ad3f has-global-padding is-layout-constrained wp-container-core-group-is-layout-19e250f3 wp-block-group-is-layout-constrained\">\n<h2 class=\"wp-block-heading has-text-align-center has-large-font-size\" style=\"text-transform:uppercase\">Stor<\/h2>\n\n\n\n<p class=\"has-text-align-center has-small-font-size\">Och liten<\/p>\n<\/div>\n<\/div>\n<\/div>\n\n\n\n<hr class=\"wp-block-separator has-text-color has-white-color has-alpha-channel-opacity has-white-background-color has-background is-style-wide\" style=\"margin-top:0;margin-bottom:0\"\/>\n\n\n\n<div class=\"wp-block-group has-white-color has-primary-background-color has-text-color has-background has-link-color wp-elements-0bc09e4ccbc0e521565593af2511d54c has-global-padding is-layout-constrained wp-container-core-group-is-layout-ea39502d wp-block-group-is-layout-constrained\" style=\"padding-top:var(--wp--preset--spacing--50);padding-right:var(--wp--preset--spacing--50);padding-bottom:var(--wp--preset--spacing--50);padding-left:var(--wp--preset--spacing--50)\">\n<div class=\"wp-block-buttons is-content-justification-center is-layout-flex wp-container-core-buttons-is-layout-78108f9f wp-block-buttons-is-layout-flex\" style=\"margin-bottom:var(--wp--preset--spacing--60)\">\n<div class=\"wp-block-button\"><a class=\"wp-block-button__link has-orange-background-color has-background has-normal-font-size has-custom-font-size wp-element-button\" href=\"https:\/\/batterifordon.se\/elmopedbild-maximini\/\">Se &amp; l\u00e4s mer<\/a><\/div>\n\n\n\n<div class=\"wp-block-button\"><a class=\"wp-block-button__link has-orange-background-color has-background has-normal-font-size has-custom-font-size wp-element-button\" href=\"https:\/\/batterifordon.se\/kontakta-oss\/\">Kontakt<\/a><\/div>\n<\/div>\n\n\n\n<p class=\"has-text-align-center has-small-font-size\">Maximini marknadsf\u00f6rs av Batterifordon AB.<br>Kontaktuppgifter och webbshop finns via ett knapptryck ovan.<\/p>\n<\/div>\n<\/div>\n<\/div><\/div>\n","protected":false},"excerpt":{"rendered":"","protected":false},"author":1,"featured_media":0,"parent":0,"menu_order":0,"comment_status":"closed","ping_status":"closed","template":"blank","meta":{"_acf_changed":false,"footnotes":""},"class_list":["post-6","page","type-page","status-publish","hentry"],"acf":[],"mb":[],"mfb_rest_fields":["title"],"_links":{"self":[{"href":"https:\/\/maximini.se\/index.php\/wp-json\/wp\/v2\/pages\/6","targetHints":{"allow":["GET"]}}],"collection":[{"href":"https:\/\/maximini.se\/index.php\/wp-json\/wp\/v2\/pages"}],"about":[{"href":"https:\/\/maximini.se\/index.php\/wp-json\/wp\/v2\/types\/page"}],"author":[{"embeddable":true,"href":"https:\/\/maximini.se\/index.php\/wp-json\/wp\/v2\/users\/1"}],"replies":[{"embeddable":true,"href":"https:\/\/maximini.se\/index.php\/wp-json\/wp\/v2\/comments?post=6"}],"version-history":[{"count":0,"href":"https:\/\/maximini.se\/index.php\/wp-json\/wp\/v2\/pages\/6\/revisions"}],"wp:attachment":[{"href":"https:\/\/maximini.se\/index.php\/wp-json\/wp\/v2\/media?parent=6"}],"curies":[{"name":"wp","href":"https:\/\/api.w.org\/{rel}","templated":true}]}}